11 - -220112200201021?
220112200201010
In base 9, what is -2 - -12348544?
12348542
In base 10, what is 2102428 - 445?
2101983
In base 2, what is -100 + 111110111000001010?
111110111000000110
In base 10, what is -12452081 + 5?
-12452076
In base 4, what is 3 + 12003320203?
12003320212
In base 2, what is 1110010101001 + 11100010001011?
101010100110100
In base 2, what is -101011101000001100101010 - 10?
-101011101000001100101100
In base 3, what is -210220100010 - -10200?
-210220012110
In base 14, what is 35d - 1b17dc?
-1b147d
In base 15, what is -7 - -3e21b?
3e214
In base 4, what is 2332 - 1122132300?
-1122123302
In base 3, what is -12011001 + -1011221221?
-1101002222
In base 15, what is -1b784 + 96?
-1b6dd
In base 3, what is -20 + -202201020101012?
-202201020101102
In base 5, what is -41123 + 400132?
304004
In base 14, what is da77aa2 + 5?
da77aa7
In base 11, what is -10740a - 92a?
-108239
In base 3, what is 11010011 - 112012100?
-101002012
In base 16, what is -8 + -23558c?
-235594
In base 3, what is -10 + -202002011221?
-202002012001
In base 3, what is -1222202011210222 - -10?
-1222202011210212
In base 9, what is -557 - -104463?
103805
In base 13, what is -ccc7944 + -b?
-ccc7952
In base 12, what is 95b9a - -60?
9603a
In base 15, what is 4 - -1965871?
1965875
In base 12, what is 1b2269 - 1?
1b2268
In base 4, what is -11 + 3201011203312?
3201011203301
In base 10, what is 8 - 2854667?
-2854659
In base 3, what is -100121220 - 102101?
-101001021
In base 3, what is -1102112111022211 + 2?
-1102112111022202
In base 14, what is 5686 - 198a?
3ada
In base 15, what is -1c8c78 + -7?
-1c8c80
In base 3, what is 120011010002000 + -21?
120011010001202
In base 16, what is -1 - -123678f?
123678e
In base 5, what is 122 - -22323434?
22324111
In base 3, what is 1011120200222 + -1111?
1011120122111
In base 10, what is 4 - -332196?
332200
In base 13, what is -7 - -53529c7?
53529c0
In base 4, what is 2 + -102231333003?
-102231333001
In base 5, what is -41021233 + 34?
-41021144
In base 12, what is 21a42 + 93?
21b15
In base 14, what is 17 - 90b56?
-90b3d
In base 6, what is -13454245 - -202?
-13454043
In base 8, what is -1343 - 30376?
-31741
In base 7, what is -32204 - 11156?
-43363
In base 7, what is 2366402424 - 2?
2366402422
In base 13, what is -1041 + -161a9?
-1721a
In base 6, what is -1022040 + -43?
-1022123
In base 4, what is 122 - -3110123022?
3110123210
In base 14, what is -1ad - c823?
-c9d2
In base 13, what is -124a9 + -13a4?
-13880
In base 15, what is -5d4d3 + b6?
-5d41c
In base 10, what is -2 + 40786?
40784
In base 5, what is -3412344 - 331221?
-4244120
In base 3, what is 21 - -22201000102220?
22201000110011
In base 9, what is 40540742 - 12?
40540730
In base 10, what is 24085 + -2738?
21347
In base 9, what is -2 + -166421601?
-166421603
In base 9, what is 22547687 - -7?
22547705
In base 16, what is -32 - -7b6c6?
7b694
In base 16, what is -65 + -257ad0?
-257b35
In base 4, what is 213 - 20221133332?
-20221133113
In base 11, what is -10 - -17543a27?
17543a17
In base 9, what is -12357 + 54044?
41576
In base 3, what is 20122200202100 - 2?
20122200202021
In base 11, what is -a9107 - -167?
-a8a50
In base 6, what is -12002 - 34020?
-50022
In base 16, what is -35b70 - 5c?
-35bcc
In base 9, what is -542883 - 1477?
-544471
In base 12, what is -2 - -b91364?
b91362
In base 11, what is 9 + -44430689?
-44430680
In base 15, what is 4c85 + -20?
4c65
In base 13, what is 68a6b15 - 2?
68a6b13
In base 5, what is 2 + -30114034413?
-30114034411
In base 14, what is 32a + 24110?
2443a
In base 8, what is -5247236 + 330?
-5246706
In base 8, what is -2 + 60044646?
60044644
In base 11, what is -8 - 48241a41?
-48241a49
In base 9, what is 428 - -44483?
45022
In base 6, what is -45 - -33531355?
33531310
In base 8, what is -407 - -2252160?
2251551
In base 6, what is -2432 - 14431145?
-14434021
In base 2, what is 110111011111 + 11111010110?
1010110110101
In base 5, what is -321412120 + 11?
-321412104
In base 12, what is -29 + -3b19811?
-3b1983a
In base 9, what is -247876 - 121?
-248107
In base 12, what is -69226506 - 3?
-69226509
In base 4, what is -102 + -1113320231?
-1113320333
In base 2, what is -11 - 1000100000000110001010110?
-1000100000000110001011001
In base 11, what is 57 + 4621151?
46211a8
In base 4, what is -1012 - 2311300223?
-2311301301
In base 10, what is -6 + 30707030?
30707024
In base 15, what is -3b2 + c34?
872
In base 10, what is 3 + -175604474?
-175604471
In base 2, what is -11010110000000110101 - -1000?
-11010110000000101101
In base 10, what is 1122866 - -21?
1122887
In base 16, what is 1fbe589 - -5?
1fbe58e
In base 15, what is 254c8 - -3e?
25517
In base 4, what is 11302113023332 + -3?
11302113023323
In base 15, what is -4 - 3509d8?
-3509dc
In base 11, what is -1618 + 35590?
33a73
In base 12, what is -104 + -600a?
-6112
In base 16, what is 75 + -2dcd8?
-2dc63
In base 6, what is -10 + 2451041?
2451031
In base 10, what is 214 - -219300?
219514
In base 4, what is 132130011 + -11113?
132112232
In base 15, what is 232e30 - -d0?
233010
In base 5, what is 111042 + 1344113?
2010210
In base 4, what is -3111 - 31222223020?
-31222232131
In base 14, what is -1 - 3ab4d80?
-3ab4d81
In base 4, what is 232221 + 112131?
1011012
In base 11, what is 90 + -8aa21a?
-8aa13a
In base 13, what is -5 + -1617a78?
-1617a80
In base 13, what is -29432b + -56?
-294384
In base 4, what is -3 - -10132233330020?
10132233330011
In base 3, what is -120120 - 1210122112?
-1211020002
In base 9, what is 1460475 - 5?
1460470
In base 15, what is 353e - 4337?
-ce8
In base 5, what is 300314 + 1212342?
2013211
In base 9, what is 55 - -63002?
63057
In base 5, what is -1 - -4420432213?
4420432212
In base 13, what is -2 - -1a57c?
1a57a
In base 12, what is -15a81a32 - 5?
-15a81a37
In base 2, what is -1000 + 101110100110100000010111?
101110100110100000001111
In base 12, what is 43 + -242521?
-24249a
In base 7, what is 246 + -12263261?
-12263012
In base 14, what is 2a4d03 - -5?
2a4d08
In base 9, what is 103687 - -3357?
107155
In base 4, what is -1021033220223 + 2?
-1021033220221
In base 15, what is -57 - 12c6a1?
-12c708
In base 10, what is -61 - -424485?
424424
In base 12, what is -10950b - -264?
-109267
In base 5, what is 144 + 3044320?
3100014
In base 15, what is 24 - 10787e?
-10785a
In base 11, what is 14711 - -17169?
3087a
In base 7, what is -444 + 36001?
35224
In base 16, what is -46f42 + -2ef?
-47231
In base 15, what is -5 + -43cb306?
-43cb30b
In base 13, what is 34a09b - 0?
34a09b
In base 11, what is 27262 + 398?
2764a
In base 6, what is 3 + 312354251?
312354254
In base 14, what is -26 - 1d1db3?
-1d1dd9
In base 10, what is 1213459 - 4?
1213455
In base 2, what is -1100001110110111100011 - -1111?
-1100001110110111010100
In base 12, what is 33346 + 9a?
33424
In base 5, what is 310212002302 - 1?
310212002301
In base 15, what is 9 + -3416ad?
-3416a4
In base 7, what is 2 - 1613113000?
-1613112665
In base 12, what is -9a2a5 + 230?
-9a075
In base 10, what is 3343 - -60122?
63465
In base 2, what is 111011011011000 - 100010000?
111010111001000
In base 16, what is -c + -13e659b?
-13e65a7
In base 8, what is -55 - 2461140?
-2461215
In base 16, what is 2 - aca69?
-aca67
In base 4, what is 3133 - -110330213?
111000012
In base 14, what is 4 + 2baa40a9?
2baa40ad
In base 7, what is 1 + -223624411?
-223624410
In base 5, what is 3 - -444032401?
444032404
In base 13, what is -b4c753 + 15?
-b4c73b
In base 2, what is -10111101111110001011 + 1100?
-10111101111101111111
In base 2, what is -1101 - 100010111110111000011?
-100010111110111010000
In base 7, what is 12126536 + 21?
12126560
In base 10, what is 27 + -2232?
-2205
In base 3, what is 202011200 - 20011?
201221112
In base 4, what is -202120320303 - -120?
-202120320123
In base 8, what is 4331 + -2744?
1365
In base 5, what is 0 - -41413240002?
41413240002
In base 3, what is 21 - -12211021200201?
12211021200222
In base 5, what is -22 + 10141340442?
10141340420
In base 9, what is 32263 + 1812?
34175
In base 15, what is -13ad - 166?
-1524
In base 4, what is -13011002030321 - -3?
-13011002030312
In base 11, what is -252a2 - 22?
-25314
In base 14, what is 1063da5d + -1?
1063da5c
In base 10, what is 1 + -176908347?
-176908346
In base 11, what is -2 - -7908454?
7908452
In base 10, what is -63861 